{"id":34,"date":"2024-05-10T15:48:37","date_gmt":"2024-05-10T13:48:37","guid":{"rendered":"http:\/\/adelstar.fr\/?page_id=34"},"modified":"2024-12-13T15:22:11","modified_gmt":"2024-12-13T14:22:11","slug":"prap","status":"publish","type":"page","link":"https:\/\/adelstar.fr\/index.php\/prap\/","title":{"rendered":"PRAP"},"content":{"rendered":"<style>.kb-row-layout-id34_04898a-74 > .kt-row-column-wrap{align-content:start;}:where(.kb-row-layout-id34_04898a-74 > .kt-row-column-wrap) > .wp-block-kadence-column{justify-content:start;}.kb-row-layout-id34_04898a-74 > .kt-row-column-wrap{column-gap:var(--global-kb-gap-md, 2rem);row-gap:var(--global-kb-gap-md, 2rem);padding-top:var(--global-kb-spacing-sm, 1.5rem);padding-bottom:var(--global-kb-spacing-sm, 1.5rem);grid-template-columns:minmax(0, 1fr);}.kb-row-layout-id34_04898a-74 > .kt-row-layout-overlay{opacity:0.30;}@media all and (max-width: 1024px){.kb-row-layout-id34_04898a-74 > .kt-row-column-wrap{grid-template-columns:minmax(0, 1fr);}}@media all and (max-width: 767px){.kb-row-layout-id34_04898a-74 > .kt-row-column-wrap{grid-template-columns:minmax(0, 1fr);}}<\/style><div class=\"kb-row-layout-wrap kb-row-layout-id34_04898a-74 alignnone wp-block-kadence-rowlayout\"><div class=\"kt-row-column-wrap kt-has-1-columns kt-row-layout-equal kt-tab-layout-inherit kt-mobile-layout-row kt-row-valign-top\">\n<style>.kadence-column34_3cb30e-e6 > .kt-inside-inner-col,.kadence-column34_3cb30e-e6 > .kt-inside-inner-col:before{border-top-left-radius:0px;border-top-right-radius:0px;border-bottom-right-radius:0px;border-bottom-left-radius:0px;}.kadence-column34_3cb30e-e6 > .kt-inside-inner-col{column-gap:var(--global-kb-gap-sm, 1rem);}.kadence-column34_3cb30e-e6 > .kt-inside-inner-col{flex-direction:column;}.kadence-column34_3cb30e-e6 > .kt-inside-inner-col > .aligncenter{width:100%;}.kadence-column34_3cb30e-e6 > .kt-inside-inner-col:before{opacity:0.3;}.kadence-column34_3cb30e-e6{position:relative;}@media all and (max-width: 1024px){.kadence-column34_3cb30e-e6 > .kt-inside-inner-col{flex-direction:column;}}@media all and (max-width: 767px){.kadence-column34_3cb30e-e6 > .kt-inside-inner-col{flex-direction:column;}}<\/style>\n<div class=\"wp-block-kadence-column kadence-column34_3cb30e-e6\"><div class=\"kt-inside-inner-col\">\n<div class=\"wp-block-cover\" style=\"min-height:348px;aspect-ratio:unset;\"><span aria-hidden=\"true\" class=\"wp-block-cover__background has-theme-palette-9-background-color has-background-dim-60 has-background-dim\"><\/span><img loading=\"lazy\" decoding=\"async\" width=\"2560\" height=\"1709\" class=\"wp-block-cover__image-background wp-image-438\" alt=\"\" src=\"https:\/\/adelstar.fr\/wp-content\/uploads\/2024\/12\/prap-scaled.jpg\" style=\"object-position:46% 16%\" data-object-fit=\"cover\" data-object-position=\"46% 16%\" srcset=\"https:\/\/adelstar.fr\/wp-content\/uploads\/2024\/12\/prap-scaled.jpg 2560w, https:\/\/adelstar.fr\/wp-content\/uploads\/2024\/12\/prap-300x200.jpg 300w, https:\/\/adelstar.fr\/wp-content\/uploads\/2024\/12\/prap-1024x683.jpg 1024w, https:\/\/adelstar.fr\/wp-content\/uploads\/2024\/12\/prap-768x513.jpg 768w, https:\/\/adelstar.fr\/wp-content\/uploads\/2024\/12\/prap-1536x1025.jpg 1536w, https:\/\/adelstar.fr\/wp-content\/uploads\/2024\/12\/prap-2048x1367.jpg 2048w\" sizes=\"auto, (max-width: 2560px) 100vw, 2560px\" \/><div class=\"wp-block-cover__inner-container is-layout-constrained wp-block-cover-is-layout-constrained\">\n<p class=\"has-text-align-center has-theme-palette-6-color has-text-color has-link-color has-large-font-size wp-elements-9512d3368f048803e3d36d0695d9a2c9\"><strong>Pr\u00e9vention des risques li\u00e9s \u00e0 l&rsquo;activit\u00e9 physique<\/strong><\/p>\n<\/div><\/div>\n<\/div><\/div>\n\n<\/div><\/div>\n\n<style>.kb-row-layout-id34_9d9274-78 > .kt-row-column-wrap{align-content:start;}:where(.kb-row-layout-id34_9d9274-78 > .kt-row-column-wrap) > .wp-block-kadence-column{justify-content:start;}.kb-row-layout-id34_9d9274-78 > .kt-row-column-wrap{column-gap:var(--global-kb-gap-md, 2rem);row-gap:var(--global-kb-gap-md, 2rem);padding-top:var(--global-kb-spacing-sm, 1.5rem);padding-bottom:var(--global-kb-spacing-sm, 1.5rem);grid-template-columns:minmax(0, 1fr);}.kb-row-layout-id34_9d9274-78 > .kt-row-layout-overlay{opacity:0.30;}@media all and (max-width: 1024px){.kb-row-layout-id34_9d9274-78 > .kt-row-column-wrap{grid-template-columns:minmax(0, 1fr);}}@media all and (max-width: 767px){.kb-row-layout-id34_9d9274-78 > .kt-row-column-wrap{grid-template-columns:minmax(0, 1fr);}}<\/style><div class=\"kb-row-layout-wrap kb-row-layout-id34_9d9274-78 alignnone wp-block-kadence-rowlayout\"><div class=\"kt-row-column-wrap kt-has-1-columns kt-row-layout-equal kt-tab-layout-inherit kt-mobile-layout-row kt-row-valign-top\">\n<style>.kadence-column34_02b501-c9 > .kt-inside-inner-col,.kadence-column34_02b501-c9 > .kt-inside-inner-col:before{border-top-left-radius:0px;border-top-right-radius:0px;border-bottom-right-radius:0px;border-bottom-left-radius:0px;}.kadence-column34_02b501-c9 > .kt-inside-inner-col{column-gap:var(--global-kb-gap-sm, 1rem);}.kadence-column34_02b501-c9 > .kt-inside-inner-col{flex-direction:column;}.kadence-column34_02b501-c9 > .kt-inside-inner-col > .aligncenter{width:100%;}.kadence-column34_02b501-c9 > .kt-inside-inner-col:before{opacity:0.3;}.kadence-column34_02b501-c9{position:relative;}@media all and (max-width: 1024px){.kadence-column34_02b501-c9 > .kt-inside-inner-col{flex-direction:column;}}@media all and (max-width: 767px){.kadence-column34_02b501-c9 > .kt-inside-inner-col{flex-direction:column;}}<\/style>\n<div class=\"wp-block-kadence-column kadence-column34_02b501-c9\"><div class=\"kt-inside-inner-col\">\n<p style=\"margin-top:var(--wp--preset--spacing--20)\">Les <strong>formations PRAP (<em>Pr\u00e9vention des Risques li\u00e9s \u00e0 l\u2019Activit\u00e9 Physique<\/em>)<\/strong> et <strong>PRAP 2S (<em>secteur sanitaire et social<\/em>)<\/strong> sont sp\u00e9cialement con\u00e7ues pour permettre aux participants d\u2019adopter des comportements adapt\u00e9s face aux risques professionnels. Elles s\u2019inscrivent dans une d\u00e9marche proactive de pr\u00e9vention pour r\u00e9duire les troubles musculo-squelettiques (TMS) et am\u00e9liorer les conditions de travail, notamment dans les secteurs exigeants comme le sanitaire, le social ou l\u2019industrie.<\/p>\n\n\n\n<h4 class=\"wp-block-heading\">Objectifs des formations PRAP et PRAP 2S<\/h4>\n\n\n\n<ul class=\"wp-block-list\">\n<li>Identifier les risques li\u00e9s \u00e0 l\u2019activit\u00e9 physique dans son environnement professionnel.<\/li>\n\n\n\n<li>Analyser les situations de travail pour proposer des am\u00e9liorations.<\/li>\n\n\n\n<li>Ma\u00eetriser les gestes et postures adapt\u00e9s pour limiter les TMS.<\/li>\n\n\n\n<li>Participer \u00e0 une d\u00e9marche de pr\u00e9vention collective.<\/li>\n<\/ul>\n\n\n\n<h4 class=\"wp-block-heading\">Diff\u00e9rences entre PRAP et PRAP 2S<\/h4>\n\n\n\n<ul class=\"wp-block-list\">\n<li><strong>PRAP<\/strong> : Formation g\u00e9n\u00e9raliste destin\u00e9e \u00e0 tous les secteurs d\u2019activit\u00e9, particuli\u00e8rement adapt\u00e9e aux environnements industriels ou logistiques.<\/li>\n\n\n\n<li><strong>PRAP 2S<\/strong> : Formation sp\u00e9cifique aux professionnels du <strong>secteur sanitaire et social<\/strong>, incluant des techniques de manutention pour la prise en charge des personnes d\u00e9pendantes.<\/li>\n<\/ul>\n<\/div><\/div>\n\n<\/div><\/div>\n\n<style>.kb-row-layout-id34_a1d0f1-cf > .kt-row-column-wrap{align-content:start;}:where(.kb-row-layout-id34_a1d0f1-cf > .kt-row-column-wrap) > .wp-block-kadence-column{justify-content:start;}.kb-row-layout-id34_a1d0f1-cf > .kt-row-column-wrap{column-gap:var(--global-kb-gap-md, 2rem);row-gap:var(--global-kb-gap-md, 2rem);padding-top:var(--global-kb-spacing-sm, 1.5rem);padding-bottom:var(--global-kb-spacing-sm, 1.5rem);grid-template-columns:minmax(0, 1fr);}.kb-row-layout-id34_a1d0f1-cf > .kt-row-layout-overlay{opacity:0.30;}@media all and (max-width: 1024px){.kb-row-layout-id34_a1d0f1-cf > .kt-row-column-wrap{grid-template-columns:minmax(0, 1fr);}}@media all and (max-width: 767px){.kb-row-layout-id34_a1d0f1-cf > .kt-row-column-wrap{grid-template-columns:minmax(0, 1fr);}}<\/style><div class=\"kb-row-layout-wrap kb-row-layout-id34_a1d0f1-cf alignnone wp-block-kadence-rowlayout\"><div class=\"kt-row-column-wrap kt-has-1-columns kt-row-layout-equal kt-tab-layout-inherit kt-mobile-layout-row kt-row-valign-top\">\n<style>.kadence-column34_dfd602-52 > .kt-inside-inner-col,.kadence-column34_dfd602-52 > .kt-inside-inner-col:before{border-top-left-radius:0px;border-top-right-radius:0px;border-bottom-right-radius:0px;border-bottom-left-radius:0px;}.kadence-column34_dfd602-52 > .kt-inside-inner-col{column-gap:var(--global-kb-gap-sm, 1rem);}.kadence-column34_dfd602-52 > .kt-inside-inner-col{flex-direction:column;}.kadence-column34_dfd602-52 > .kt-inside-inner-col > .aligncenter{width:100%;}.kadence-column34_dfd602-52 > .kt-inside-inner-col:before{opacity:0.3;}.kadence-column34_dfd602-52{position:relative;}@media all and (max-width: 1024px){.kadence-column34_dfd602-52 > .kt-inside-inner-col{flex-direction:column;}}@media all and (max-width: 767px){.kadence-column34_dfd602-52 > .kt-inside-inner-col{flex-direction:column;}}<\/style>\n<div class=\"wp-block-kadence-column kadence-column34_dfd602-52\"><div class=\"kt-inside-inner-col\">\n<h6 class=\"wp-block-heading\"><em>Pourquoi suivre ces formations avec ADELSTAR ?<\/em><\/h6>\n\n\n\n<p>Chez <strong>ADELSTAR<\/strong>, nos formations PRAP et PRAP 2S sont dispens\u00e9es par des experts certifi\u00e9s. Nous privil\u00e9gions une approche interactive, combinant th\u00e9orie et mises en situation pratiques, pour garantir une application directe dans le quotidien professionnel.<\/p>\n<\/div><\/div>\n\n<\/div><\/div>\n\n\n<h4 class=\"wp-block-heading has-text-align-center\">D\u00e9couvrez nos formations :<\/h4>\n\n\n<style>.kb-row-layout-wrap.wp-block-kadence-rowlayout.kb-row-layout-id34_07dcfa-41{margin-top:var(--global-kb-spacing-sm, 1.5rem);}.kb-row-layout-id34_07dcfa-41 > .kt-row-column-wrap{align-content:center;}:where(.kb-row-layout-id34_07dcfa-41 > .kt-row-column-wrap) > .wp-block-kadence-column{justify-content:center;}.kb-row-layout-id34_07dcfa-41 > .kt-row-column-wrap{column-gap:0px;row-gap:var(--global-kb-gap-md, 2rem);max-width:754px;margin-left:auto;margin-right:auto;padding-right:var(--global-kb-spacing-5xl, 10rem);padding-bottom:var(--global-kb-spacing-sm, 1.5rem);padding-left:var(--global-kb-spacing-5xl, 10rem);grid-template-columns:repeat(2, minmax(0, 1fr));}.kb-row-layout-id34_07dcfa-41 > .kt-row-layout-overlay{opacity:0.30;}@media all and (max-width: 1024px){.kb-row-layout-id34_07dcfa-41 > .kt-row-column-wrap{grid-template-columns:repeat(2, minmax(0, 1fr));}}@media all and (max-width: 767px){.kb-row-layout-id34_07dcfa-41 > .kt-row-column-wrap{grid-template-columns:minmax(0, 1fr);}}<\/style><div class=\"kb-row-layout-wrap kb-row-layout-id34_07dcfa-41 alignnone wp-block-kadence-rowlayout\"><div class=\"kt-row-column-wrap kt-has-2-columns kt-row-layout-equal kt-tab-layout-inherit kt-mobile-layout-row kt-row-valign-middle\">\n<style>.kadence-column34_fa5680-4d > .kt-inside-inner-col,.kadence-column34_fa5680-4d > .kt-inside-inner-col:before{border-top-left-radius:0px;border-top-right-radius:0px;border-bottom-right-radius:0px;border-bottom-left-radius:0px;}.kadence-column34_fa5680-4d > .kt-inside-inner-col{column-gap:var(--global-kb-gap-sm, 1rem);}.kadence-column34_fa5680-4d > .kt-inside-inner-col{flex-direction:column;}.kadence-column34_fa5680-4d > .kt-inside-inner-col > .aligncenter{width:100%;}.kadence-column34_fa5680-4d > .kt-inside-inner-col:before{opacity:0.3;}.kadence-column34_fa5680-4d{position:relative;}@media all and (max-width: 1024px){.kadence-column34_fa5680-4d > .kt-inside-inner-col{flex-direction:column;}}@media all and (max-width: 767px){.kadence-column34_fa5680-4d > .kt-inside-inner-col{flex-direction:column;}}<\/style>\n<div class=\"wp-block-kadence-column kadence-column34_fa5680-4d\"><div class=\"kt-inside-inner-col\"><style>.wp-block-kadence-advancedbtn.kb-btns34_c7cc05-86{gap:var(--global-kb-gap-xs, 0.5rem );justify-content:center;align-items:center;}.kt-btns34_c7cc05-86 .kt-button{font-weight:normal;font-style:normal;}.kt-btns34_c7cc05-86 .kt-btn-wrap-0{margin-right:5px;}.wp-block-kadence-advancedbtn.kt-btns34_c7cc05-86 .kt-btn-wrap-0 .kt-button{color:#555555;border-color:#555555;}.wp-block-kadence-advancedbtn.kt-btns34_c7cc05-86 .kt-btn-wrap-0 .kt-button:hover, .wp-block-kadence-advancedbtn.kt-btns34_c7cc05-86 .kt-btn-wrap-0 .kt-button:focus{color:#ffffff;border-color:#444444;}.wp-block-kadence-advancedbtn.kt-btns34_c7cc05-86 .kt-btn-wrap-0 .kt-button::before{display:none;}.wp-block-kadence-advancedbtn.kt-btns34_c7cc05-86 .kt-btn-wrap-0 .kt-button:hover, .wp-block-kadence-advancedbtn.kt-btns34_c7cc05-86 .kt-btn-wrap-0 .kt-button:focus{background:#444444;}<\/style>\n<div class=\"wp-block-kadence-advancedbtn kb-buttons-wrap kb-btns34_c7cc05-86\"><style>ul.menu .wp-block-kadence-advancedbtn .kb-btn34_b9002f-c5.kb-button{width:initial;}@media all and (max-width: 1024px){.kb-btn34_b9002f-c5.kb-button .kb-svg-icon-wrap{display:block;}}<\/style><span class=\"kb-button kt-button button kb-btn34_b9002f-c5 kt-btn-size-standard kt-btn-width-type-auto kb-btn-global-fill kt-btn-has-text-true kt-btn-has-svg-false wp-block-kadence-singlebtn\"><span class=\"kt-btn-inner-text\"><strong>PRAP<\/strong><\/span><\/span><\/div>\n<\/div><\/div>\n\n\n<style>.kadence-column34_fa53da-46 > .kt-inside-inner-col,.kadence-column34_fa53da-46 > .kt-inside-inner-col:before{border-top-left-radius:0px;border-top-right-radius:0px;border-bottom-right-radius:0px;border-bottom-left-radius:0px;}.kadence-column34_fa53da-46 > .kt-inside-inner-col{column-gap:var(--global-kb-gap-sm, 1rem);}.kadence-column34_fa53da-46 > .kt-inside-inner-col{flex-direction:column;}.kadence-column34_fa53da-46 > .kt-inside-inner-col > .aligncenter{width:100%;}.kadence-column34_fa53da-46 > .kt-inside-inner-col:before{opacity:0.3;}.kadence-column34_fa53da-46{position:relative;}@media all and (max-width: 1024px){.kadence-column34_fa53da-46 > .kt-inside-inner-col{flex-direction:column;}}@media all and (max-width: 767px){.kadence-column34_fa53da-46 > .kt-inside-inner-col{flex-direction:column;}}<\/style>\n<div class=\"wp-block-kadence-column kadence-column34_fa53da-46\"><div class=\"kt-inside-inner-col\"><style>.wp-block-kadence-advancedbtn.kb-btns34_b2c458-98{gap:var(--global-kb-gap-xs, 0.5rem );justify-content:center;align-items:center;}.kt-btns34_b2c458-98 .kt-button{font-weight:normal;font-style:normal;}.kt-btns34_b2c458-98 .kt-btn-wrap-0{margin-right:5px;}.wp-block-kadence-advancedbtn.kt-btns34_b2c458-98 .kt-btn-wrap-0 .kt-button{color:#555555;border-color:#555555;}.wp-block-kadence-advancedbtn.kt-btns34_b2c458-98 .kt-btn-wrap-0 .kt-button:hover, .wp-block-kadence-advancedbtn.kt-btns34_b2c458-98 .kt-btn-wrap-0 .kt-button:focus{color:#ffffff;border-color:#444444;}.wp-block-kadence-advancedbtn.kt-btns34_b2c458-98 .kt-btn-wrap-0 .kt-button::before{display:none;}.wp-block-kadence-advancedbtn.kt-btns34_b2c458-98 .kt-btn-wrap-0 .kt-button:hover, .wp-block-kadence-advancedbtn.kt-btns34_b2c458-98 .kt-btn-wrap-0 .kt-button:focus{background:#444444;}<\/style>\n<div class=\"wp-block-kadence-advancedbtn kb-buttons-wrap kb-btns34_b2c458-98\"><style>ul.menu .wp-block-kadence-advancedbtn .kb-btn34_5d51a2-2b.kb-button{width:initial;}@media all and (max-width: 1024px){.kb-btn34_5d51a2-2b.kb-button .kb-svg-icon-wrap{display:block;}}<\/style><span class=\"kb-button kt-button button kb-btn34_5d51a2-2b kt-btn-size-standard kt-btn-width-type-auto kb-btn-global-fill kt-btn-has-text-true kt-btn-has-svg-false wp-block-kadence-singlebtn\"><span class=\"kt-btn-inner-text\"><strong>PRAP 2S<\/strong><\/span><\/span><\/div>\n<\/div><\/div>\n\n<\/div><\/div>\n\n\n<p class=\"has-text-align-center has-theme-palette-1-color has-text-color has-link-color has-medium-font-size wp-elements-c5639d01f8a493c89b326b4a58be065f\" style=\"margin-top:var(--wp--preset--spacing--70)\"><strong><em>Investissez dans la sant\u00e9 et la s\u00e9curit\u00e9 de vos collaborateurs <\/em><\/strong><br><strong><em>avec nos formations PRAP et PRAP 2S !<\/em><\/strong><\/p>\n\n\n<style>.kb-row-layout-id34_aa05c6-c1 > .kt-row-column-wrap{align-content:start;}:where(.kb-row-layout-id34_aa05c6-c1 > .kt-row-column-wrap) > .wp-block-kadence-column{justify-content:start;}.kb-row-layout-id34_aa05c6-c1 > .kt-row-column-wrap{column-gap:var(--global-kb-gap-md, 2rem);row-gap:var(--global-kb-gap-md, 2rem);padding-top:var(--global-kb-spacing-xxl, 5rem);padding-bottom:var(--global-kb-spacing-3xl, 6.5rem);grid-template-columns:minmax(0, 1fr);}.kb-row-layout-id34_aa05c6-c1 > .kt-row-layout-overlay{opacity:0.30;}@media all and (max-width: 1024px){.kb-row-layout-id34_aa05c6-c1 > .kt-row-column-wrap{grid-template-columns:minmax(0, 1fr);}}@media all and (max-width: 767px){.kb-row-layout-id34_aa05c6-c1 > .kt-row-column-wrap{grid-template-columns:minmax(0, 1fr);}}<\/style><div class=\"kb-row-layout-wrap kb-row-layout-id34_aa05c6-c1 alignnone wp-block-kadence-rowlayout\"><div class=\"kt-row-column-wrap kt-has-1-columns kt-row-layout-equal kt-tab-layout-inherit kt-mobile-layout-row kt-row-valign-top\">\n<style>.kadence-column34_e96e6c-6e > .kt-inside-inner-col{box-shadow:0px 0px 14px 0px rgba(0, 0, 0, 0.2);}.kadence-column34_e96e6c-6e > .kt-inside-inner-col,.kadence-column34_e96e6c-6e > .kt-inside-inner-col:before{border-top-left-radius:0px;border-top-right-radius:0px;border-bottom-right-radius:0px;border-bottom-left-radius:0px;}.kadence-column34_e96e6c-6e > .kt-inside-inner-col{column-gap:var(--global-kb-gap-sm, 1rem);}.kadence-column34_e96e6c-6e > .kt-inside-inner-col{flex-direction:column;}.kadence-column34_e96e6c-6e > .kt-inside-inner-col > .aligncenter{width:100%;}.kadence-column34_e96e6c-6e > .kt-inside-inner-col:before{opacity:0.3;}.kadence-column34_e96e6c-6e{position:relative;}@media all and (max-width: 1024px){.kadence-column34_e96e6c-6e > .kt-inside-inner-col{flex-direction:column;}}@media all and (max-width: 767px){.kadence-column34_e96e6c-6e > .kt-inside-inner-col{flex-direction:column;}}<\/style>\n<div class=\"wp-block-kadence-column kadence-column34_e96e6c-6e\"><div class=\"kt-inside-inner-col\">\n<p class=\"has-text-align-center\" style=\"margin-top:var(--wp--preset--spacing--30);margin-bottom:var(--wp--preset--spacing--30);font-size:19px\"><strong>Vous avez des questions ou souhaitez personnaliser votre session ? <br>Contactez-nous d\u00e8s maintenant<\/strong> !<br>Par t\u00e9l\u00e9phone : <strong>06 56 80 43 11<\/strong><br>Par mail : contact@adelstar.fr ou <a href=\"https:\/\/adelstar.fr\/index.php\/contact\/\" data-type=\"page\" data-id=\"12\">cliquez ici<\/a> pour acc\u00e9der au formulaire de contact.<\/p>\n<\/div><\/div>\n\n<\/div><\/div>\n\n\n<p><\/p>\n","protected":false},"excerpt":{"rendered":"<p>Les formations PRAP (Pr\u00e9vention des Risques li\u00e9s \u00e0 l\u2019Activit\u00e9 Physique) et PRAP 2S (secteur sanitaire et social) sont sp\u00e9cialement con\u00e7ues pour permettre aux participants d\u2019adopter des comportements adapt\u00e9s face aux risques professionnels. Elles s\u2019inscrivent dans une d\u00e9marche proactive de pr\u00e9vention pour r\u00e9duire les troubles musculo-squelettiques (TMS) et am\u00e9liorer les conditions de travail, notamment dans les&#8230;<\/p>\n","protected":false},"author":1,"featured_media":0,"parent":0,"menu_order":0,"comment_status":"closed","ping_status":"closed","template":"","meta":{"_kad_post_transparent":"","_kad_post_title":"","_kad_post_layout":"","_kad_post_sidebar_id":"","_kad_post_content_style":"","_kad_post_vertical_padding":"","_kad_post_feature":"","_kad_post_feature_position":"","_kad_post_header":false,"_kad_post_footer":false,"footnotes":""},"class_list":["post-34","page","type-page","status-publish","hentry"],"_links":{"self":[{"href":"https:\/\/adelstar.fr\/index.php\/wp-json\/wp\/v2\/pages\/34","targetHints":{"allow":["GET"]}}],"collection":[{"href":"https:\/\/adelstar.fr\/index.php\/wp-json\/wp\/v2\/pages"}],"about":[{"href":"https:\/\/adelstar.fr\/index.php\/wp-json\/wp\/v2\/types\/page"}],"author":[{"embeddable":true,"href":"https:\/\/adelstar.fr\/index.php\/wp-json\/wp\/v2\/users\/1"}],"replies":[{"embeddable":true,"href":"https:\/\/adelstar.fr\/index.php\/wp-json\/wp\/v2\/comments?post=34"}],"version-history":[{"count":6,"href":"https:\/\/adelstar.fr\/index.php\/wp-json\/wp\/v2\/pages\/34\/revisions"}],"predecessor-version":[{"id":443,"href":"https:\/\/adelstar.fr\/index.php\/wp-json\/wp\/v2\/pages\/34\/revisions\/443"}],"wp:attachment":[{"href":"https:\/\/adelstar.fr\/index.php\/wp-json\/wp\/v2\/media?parent=34"}],"curies":[{"name":"wp","href":"https:\/\/api.w.org\/{rel}","templated":true}]}}